u - 3348, 0 = -3*u + f - 0*f - 2495. Let m = -459 - u. What is the tens digit of m?
7
Let c = 41 - 108. Suppose j = 5*o - 24, -4*o - 85 = -3*j - 102. What is the tens digit of c*(j - (1 + 1)) + -1?
6
Suppose -2*x - 56344 = m - 3*m, 0 = 2*m + 4*x - 56356. What is the ten thousands digit of m?
2
Let y = 4636 + -1767. What is the units digit of y?
9
Suppose -12776 = -9*f + 39388. What is the tens digit of f?
9
Suppose 5*l + 105 = 2*x - 55, -3*x - 117 = 3*l. Let u = l + 103. What is the units digit of u?
9
Let p be -3 + 581 - -4*(-1 - -2). Suppose -840 = 3*s + p. Let g = -246 - s. What is the units digit of g?
8
Let d = -15747 - -23020. What is the thousands digit of d?
7
Let h = -104 - -127. Let g = 27 - h. What is the units digit of g?
4
Let o(n) = 190*n - 19. Let y be o(15). Suppose -19*v + 0*v + y = 0. What is the units digit of v?
9
Let d = -54 - -58. Suppose -d*b + m - 2*m + 23 = 0, 2*b + 5 = 5*m. Suppose -2*q - 4*l - 872 = -b*q, 0 = 4*l - 16. What is the hundreds digit of q?
2
Suppose 4*x + 5*r = 34429, -x = 33*r - 29*r - 8610. What is the tens digit of x?
0
What is the units digit of 3932 + (-11)/132*-12?
3
Suppose 116 + 409 = 7*t. Let y be -2 - (0 - -3 - t). What is the units digit of 50/y + (-4)/(-14)?
1
What is the tens digit of (9872 - -102) + -1*13?
6
Let d(n) = 63076*n**2 + 452*n - 451. What is the units digit of d(1)?
7
Suppose -2*v + 0*n + 4 = 4*n, 4*v - 2*n = 18. Suppose -v*i - 10 - 18 = 0. What is the units digit of (-32)/(-112) - 159/i?
3
Let l = 2607 + -1352. Suppose -5*m + l = 5*q, 5*q = -m - m + 487. What is the hundreds digit of m?
2
Suppose -4*p = -5*t - 83, 14*p + 42 = 15*p + 3*t. Suppose 45*o = p*o + 16308. What is the hundreds digit of o?
9
Suppose -18*a = -9*a + 27. What is the tens digit of -7 + (-2 - (a - 62))?
5
Let t(x) = x**3 - 6*x**2 - 17*x - 6. Let m be t(8). Let j(h) = -h**3 - 14*h**2 - 8*h + 16. What is the units digit of j(m)?
8
Let l be 145/15 + 6*(-3)/(-54). Suppose -3*v = -2*f - 6, -l = -2*f + v - 8. What is the units digit of f?
3
Let q = 2 + 3. Let d(a) = -5 + q + 2 - 16*a + 57*a. What is the units digit of d(2)?
4
Suppose 4*q - i - 55355 - 65196 = 0, 4*q - 3*i = 120549. What is the thousands digit of q?
0
Let f(r) = -44 + 23 + 23 - r**2 + 15*r. Let o be f(15). Suppose k + 2*j = -33 + 93, -o*k + 5*j + 102 = 0. What is the units digit of k?
6
Suppose -5*s + g = -6*s + 4, 3*g + 3 = 0. Suppose 3*b - 5*z = 181, -b - 235 = -6*b - s*z. What is the units digit of (-39)/b + (-479)/(-4)?
9
Suppose -11*z + 295755 = -131573. What is the units digit of z?
8
Suppose 0 = 4*v + 35*p - 33*p - 122048, 122056 = 4*v + p. What is the ten thousands digit of v?
3
Let m(d) = 49*d**2 - 10*d + 342. What is the hundreds digit of m(28)?
4
Let s be (-2)/7*-6 + (-30)/(-105). Suppose 612 + 1334 = 3*i - 5*u, 1299 = s*i - 5*u. What is the hundreds digit of i?
6
Suppose 2*l - 4 = -s, -2 = -s + 3*s - l. Suppose 2*k + 2*i + 5 - 1 = s, -20 = 5*i. Suppose -d - 90 = -5*z, k*z + 2*d = -3*d + 9. What is the units digit of z?
7
Let z(r) = 2*r**3 + 25*r**2 - 7*r + 181. What is the tens digit of z(14)?
7
Let m = 26 + -75. What is the units digit of -7*(6118/m - -2)?
0
Let g = -10 - -3. Let m be -4*2/28*g. What is the tens digit of 129 + (-1)/m*4?
2
Let i(t) = 1545*t - 3067. What is the ten thousands digit of i(38)?
5
Let l = 89 - 92. Let n be 7 + l + 2*41. Let z = n - -47. What is the units digit of z?
3
Suppose -3*h + 18 = -36. Suppose -2*n + 4 + h = 0. Suppose -n*x - 172 = -13*x. What is the units digit of x?
6
Suppose 168*l - 6973197 = -63*l. What is the hundreds digit of l?
1
Let u be (-192)/(-40)*1005/12. Suppose -u - 1309 = -3*j - 5*k, 5*k = 5*j - 2865. What is the units digit of j?
2
Let z = 50 + -45. Suppose -z*x + 24 = 2*s, -2*s - 8 = -x - 4*s. Suppose 2*o + 3*g = 5, 0 = -x*o + 3*g + 15 + 4. What is the units digit of o?
4
Let f(b) = 4 - 15*b - 1836*b**2 + 3686*b**2 - 1843*b**2. Let t be 6 + -1*(-1 - -1). What is the units digit of f(t)?
6
Suppose -89*s + 50530 = 34652 - 53364. What is the tens digit of s?
7
Suppose 5*q = r + 48239, 38626 = -7*q + 11*q + 5*r. What is the tens digit of q?
4
Let t(f) = 566*f**2 - 33*f + 45. What is the tens digit of t(8)?
0
Suppose v = 7 - 4. Suppose -4*r = v + 5. What is the tens digit of 1/(((-10)/r)/110)?
2
What is the tens digit of -1*1 - (-345345)/115?
0
Suppose -2*d - 2*f + 10 = 0, 6*f = 2*f + 8. Suppose -127 = h + 3*y, 4*h + d*y + 578 - 52 = 0. Let j = -60 - h. What is the tens digit of j?
7
Suppose -24 = 4*p + 3*i, -4*p - 6 = -6*p + 3*i. Let u(a) = 13*a + 34. Let g be u(p). Let s(h) = -h + 8. What is the tens digit of s(g)?
1
Suppose 0 = -9*l + 6*l + 6804. Suppose -3*h + 246 = -l. What is the units digit of h?
8
Let y(x) = 44*x**2 - 8*x + 186. Let g(t) = 9*t**2 - 2*t + 37. Let j(h) = -14*g(h) + 3*y(h). What is the tens digit of j(6)?
8
Suppose 19272 = 5*v - 8*w, -v = 4*v + 4*w - 19224. What is the units digit of v?
8
Let v(p) = -2*p**3 - 10*p**2 + 2*p + 10. Let j be v(-5). Suppose 27 = 3*x + 4*m, 5*x + 4*m - 37 = -j*x. What is the hundreds digit of -6 - (x + -10) - -187?
1
Suppose 0 = -j - 0*j + 2. Suppose -4*v = -x - j*v + 13, -2 = x + v. Suppose 0 = 5*a - x*a - 106. What is the units digit of a?
3
Let v be ((-441)/(-35))/(27/7380). Suppose -v = 8*k - 22*k. What is the units digit of k?
6
Let t(w) = w - 6. Let n be t(12). Let f(c) = -521 + 35*c + 518 - n*c. What is the hundreds digit of f(4)?
1
Suppose 0 = -30*p + 46*p. Suppose -4*j - 2*z + 324 = -p*j, -4*j + 352 = -5*z. What is the units digit of j?
3
Let n be ((-4)/18 + 143/198)*26. Suppose -8*k + 15 = -n*k. What is the units digit of (4/k + 1)/(2/(-54))?
9
Let f be (-117)/(-54) + -2 + (-28655)/(-6). What is the hundreds digit of 8 + f/(-4 + 8)?
2
Suppose -1148105 - 253041 = -63*i + 57745. What is the thousands digit of i?
3
Suppose -26*b - 14*b = -19*b - 106092. What is the thousands digit of b?
5
Suppose -2*t = 5*s - 341, 4*t = s + 607 + 86. Suppose 0 = t*k - 165*k - 7120. What is the tens digit of k?
9
Let s(h) = 565*h + 9940. What is the tens digit of s(57)?
4
Let x(t) = 3035*t - 1. Let q be x(-1). Let a = -2025 - q. What is the units digit of (-1)/(a/3612 - (-2)/(-7))?
2
Let m = 14582 - -5884. What is the tens digit of m?
6
Suppose 6 = 2*m, 0*m + m - 15 = -2*q. Suppose 1913 + 103 = q*w. What is the units digit of w?
6
Suppose -2*d - d - 4*o + 39863 = 0, 5*o + 35 = 0. What is the tens digit of d?
9
Let y = 22 - 28. Let k be 547 + (-5)/(y + 5). What is the units digit of 50/(-4)*k/(-115)?
0
Let c(o) be the first derivative of 13*o**3/3 - o**2/2 + 4*o - 21. Let y be c(5). Let h = y + -212. What is the units digit of h?
2
Let o(q) = q**2 + 57*q + 29. Let v be o(-35). Let i = v + 1096. What is the hundreds digit of i?
3
Suppose 11*c - 580 = c. Let t = 153 - c. What is the units digit of t?
5
Let t(b) = 29*b**2 + 1657*b - 82. What is the ten thousands digit of t(-68)?
2
Suppose -c + 2*a = -1137, c + a = -91 + 1231. Suppose 6*p + 209 = c. Suppose -3*b - 2*g + p = -3*g, -5*b + 3*g = -253. What is the units digit of b?
3
Suppose 149 = t + 5*z, 81*t = 77*t - 4*z + 548. Let o = t + 35. What is the units digit of o?
9
What is the ten thousands digit of (-9404)/(2 - (-280)/(-96)) + (-1)/(-11)?
1
Suppose -4*m + 5*y = 2442, 6*m = 4*m - 4*y - 1234. What is the hundreds digit of (2 - m/3) + (-6)/18?
2
Let v(h) = -3*h**3 + h**3 + h**2 + 3*h**3. Let i be v(-3). What is the tens digit of (-9)/i + (-139)/(-2)?
7
Suppose -7*t = -32 - 10. Let a = 240 + t. What is the hundreds digit of a?
2
Suppose -19*n + 19239 = -221149. What is the units digit of 7/28 - n/(-16)?
1
Let y = -740 + 1406. Let u = y + -269. What is the units digit of u?
7
Suppose 464*z = -z - 36*z + 2300091. What is the thousands digit of z?
4
Let y be (-100)/(-60) - 1*(-2)/6. Let q be (-4 + 5)/(-1 - (0 - y)). What is the units digit of q/(-1) + 1 + 3?
3
Let x = 104 - 80. Suppose -1 = -z, 2*z + x - 1 = 5*t. Suppose -t*y + 756 = -y. What is the hundreds digit of y?
1
Let o be ((-20)/12)/((-1)/3). Suppose -2*a + o*t - 241 = -4*a, 3*a - t - 353 = 0. Suppose -4*u + a = -106. What is the units digit of u?
6
Let w = 4839 + -1336. What is the units digit of w?
3
Let a = 543 - 331. What is the tens digit of a?
1
Suppose -25*f + 30595 = -389055. What is the thousands digit of f?
6
Suppose -580*g - 61366 